In base 13, what is 21 - -b5?
106
In base 4, what is -1033 - 11?
-1110
In base 2, what is 10100 + -1110110000?
-1110011100
In base 5, what is 1441 + -3?
1433
In base 5, what is 130110 + -3?
130102
In base 6, what is -55 - 5?
-104
In base 13, what is -273 - -3?
-270
In base 8, what is -147 + 5?
-142
In base 3, what is 120 + -2111?
-1221
In base 13, what is 48 - 10?
38
In base 4, what is 3 - 112?
-103
In base 12, what is -4 - 2b54?
-2b58
In base 10, what is -3 + 204?
201
In base 5, what is 14404 + 2?
14411
In base 8, what is 230 + -4?
224
In base 12, what is -2 + -392?
-394
In base 5, what is 0 - -342?
342
In base 4, what is 11 + 3323?
10000
In base 15, what is -134 + 5?
-12e
In base 7, what is -150 - 3?
-153
In base 13, what is -378 - -5?
-373
In base 12, what is a + -ba5?
-b97
In base 6, what is 1 - 253?
-252
In base 10, what is -5 - 269?
-274
In base 7, what is 4 + -225?
-221
In base 13, what is -2c0 + 1?
-2bc
In base 5, what is -1142 - -1003?
-134
In base 13, what is 7b30 - 1?
7b2c
In base 15, what is a3c - 5?
a37
In base 16, what is 1 - 43?
-42
In base 12, what is -305 - 2?
-307
In base 6, what is -3 + -12033?
-12040
In base 13, what is 3 + 3a59?
3a5c
In base 5, what is -1 + 1440?
1434
In base 3, what is 11222220 - -2?
11222222
In base 2, what is 10010 - 100?
1110
In base 12, what is 3 + -48?
-45
In base 5, what is 3043 - -2?
3100
In base 11, what is 6 + 145?
150
In base 9, what is -1233 + -2?
-1235
In base 4, what is 201 + 12?
213
In base 6, what is -3012 + -55?
-3111
In base 6, what is 3 - 11355?
-11352
In base 4, what is -3 + -22113?
-22122
In base 15, what is -1 - 3?
-4
In base 7, what is 443 + 22?
465
In base 16, what is 11 + 1b2?
1c3
In base 8, what is 0 + 535?
535
In base 12, what is 469 + 3?
470
In base 7, what is -65 + -10?
-105
In base 8, what is 17 + 21?
40
In base 8, what is 14 - -21?
35
In base 14, what is -30 + -2?
-32
In base 10, what is 1 + -47?
-46
In base 13, what is -5 + 42?
3a
In base 5, what is 143 + 414?
1112
In base 5, what is -22 + -121?
-143
In base 2, what is 1111001110 + -11?
1111001011
In base 9, what is 47 - 134?
-76
In base 13, what is -3 + 587?
584
In base 7, what is 3 - 165?
-162
In base 11, what is 1 + -9a?
-99
In base 3, what is -11 - 20200?
-20211
In base 13, what is -719 + 3?
-716
In base 13, what is -25 - 1?
-26
In base 9, what is 675 - -8?
684
In base 9, what is 11 - 14?
-3
In base 12, what is 9a3 - 0?
9a3
In base 13, what is 1 + -61?
-60
In base 6, what is -115 - 1022?
-1141
In base 6, what is 5 + -11?
-2
In base 4, what is 3201 - -3?
3210
In base 8, what is -4 + -115?
-121
In base 15, what is 2bb - 7?
2b4
In base 9, what is -22 + 0?
-22
In base 7, what is 51 - 56?
-5
In base 11, what is -41 - 11?
-52
In base 3, what is -2 + -110210?
-110212
In base 7, what is 4 - -2?
6
In base 4, what is -3 - -10?
1
In base 16, what is aae - -3?
ab1
In base 13, what is 79 + 1?
7a
In base 15, what is -21d8 - -1?
-21d7
In base 9, what is 1 + -5?
-4
In base 4, what is 3 + -21?
-12
In base 3, what is -1221000 - -2?
-1220221
In base 2, what is 1000100 - 1?
1000011
In base 6, what is 25 - -13?
42
In base 14, what is 1 + -b0?
-ad
In base 5, what is -11 + 4?
-2
In base 5, what is 234 - -10?
244
In base 2, what is -1011110 - -1?
-1011101
In base 10, what is 51 + -2?
49
In base 16, what is -4 - 11?
-15
In base 13, what is 2 - -14a?
14c
In base 14, what is -12 + -c1?
-d3
In base 6, what is -1 - 4303?
-4304
In base 8, what is -121 - -6?
-113
In base 3, what is 1001 + -12100?
-11022
In base 3, what is -212102 - 0?
-212102
In base 7, what is 25021 + 0?
25021
In base 16, what is 1e + -15?
9
In base 4, what is 121 - -20?
201
In base 4, what is -1313 - -11?
-1302
In base 11, what is -24 + 225?
201
In base 11, what is 6 + -20?
-15
In base 16, what is 1da4 - -2?
1da6
In base 4, what is -13 + -23330?
-30003
In base 10, what is -1005 + 1?
-1004
In base 4, what is 2 + -10312?
-10310
In base 14, what is 63 - -4?
67
In base 13, what is 22c - 2?
22a
In base 2, what is -101010000 + 1?
-101001111
In base 5, what is -224121 + 1?
-224120
In base 9, what is 247 + -8?
238
In base 8, what is 0 + -7070?
-7070
In base 11, what is 884 - 1?
883
In base 15, what is -54 + 2?
-52
In base 14, what is -4 + 22d?
229
In base 4, what is 3 + 12112?
12121
In base 12, what is 19 - 4?
15
In base 4, what is -12 + -213?
-231
In base 2, what is 10010000110 + 11?
10010001001
In base 2, what is -10101100010 - -10?
-10101100000
In base 3, what is -11 + 102210?
102122
In base 12, what is -22 + 1b?
-3
In base 10, what is 3 + 11?
14
In base 16, what is -297 - -13?
-284
In base 8, what is -2 + -103?
-105
In base 4, what is -2312 - 2?
-2320
In base 13, what is -52 + c?
-43
In base 8, what is 14 - 15?
-1
In base 8, what is -166 - -30?
-136
In base 15, what is -a - -4?
-6
In base 11, what is -1 - -36?
35
In base 5, what is 2022221 - -3?
2022224
In base 8, what is 311 + -7?
302
In base 7, what is 136 - 4?
132
In base 6, what is 2 + -100535?
-100533
In base 16, what is 30e - -3?
311
In base 14, what is 3 - 156c?
-1569
In base 16, what is -8 - -b70?
b68
In base 14, what is -1c8 + -2?
-1ca
In base 13, what is 2 - -17c6?
17c8
In base 11, what is -63 - -1?
-62
In base 16, what is 37 + -3c?
-5
In base 16, what is 1 - -3c?
3d
In base 8, what is -2 - 2767?
-2771
In base 9, what is 22828 + 5?
22834
In base 12, what is -93 - 5?
-98
In base 8, what is 4 + 272?
276
In base 9, what is -2 - 3027?
-3030
In base 8, what is 2 + 151?
153
In base 9, what is -41 + -1?
-42
In base 12, what is -4 + 2256?
2252
In base 6, what is -4410 - 12?
-4422
In base 4, what is -20 - 2?
-22
In base 11, what is -61 - 1?
-62
In base 2, what is -1001000010 + -1010?
-1001001100
In base 16, what is 19 + -2da?
-2c1
In base 16, what is 4 + -1b?
-17
In base 15, what is 7 - c?
-5
In base 2, what is -1001011011 + 111?
-1001010100
In base 15, what is -408 - d?
-416
In base 14, what is 15 - -85?
9a
In base 7, what is -2 - -4263?
4261
In base 6, what is -43 + 5?
-34
In base 13, what is 2 + -22?
-20
In base 5, what is 2 - 12?
-10
In base 10, what is -429 + -4?
-433
In base 5, what is -40230 - 4?
-40234
In base 13, what is 90 + -3?
8a
In base 8, what is -45 - -20?
-25
In base 10, what is -239 - 0?
-239
In base 2, what is 101101111110100 + -101?
101101111101111
In base 6, what is 243 - 12?
231
In base 6, what is -344 + 14?
-330
In base 2, what is -1110001100100 + 11?
-1110001100001
In base 11, what is 25 + 3?
28
In base 14, what is -c35 - -3?
-c32
In base 15, what is 2 + 43?
45
In base 3, what is -11 + 11000200?
11000112
In base 16, what is 3 + 1d?
20
In base 16, what is -2b9 + 0?
-2b9
In base 6, what is -224 + 1?
-223
In base 4, what is -3103 - 11?
-3120
In base 3, what is 12 + 101210?
101222
In base 10, what is -213 + -18?
-231
In base 12, what is 38b1 + -1?
38b0
In base 4, what is -213 - 13?
-232
In base 6, what is -54 + -20?
-114
In base 10, what is 4 - 101?
-97
In base 11, what is -1 + -153?
-154
In base 11, what is 4 + 70?
74
In base 6, what is -1124 + 0?
-1124
In base 5, what is 1320 - 2?
1313
In base 9, what is 7 - -1?
8
In base 11, what is -2 + 116?
114
In base 16, what is 1e5 - -1a?
1ff
In base 15, what is -20 - -1?
-1e
In base 14, what is -61 + 2?
-5d
In base 14, what is -3 + -a12?
-a15
In base 2, what is 101110 - 1?
101101
In base 4, what is 0 + 1003?
1003
In base 11, what is -122a - -3?
-1227
In base 15, what is -605 - 1?
-606
In base 10, what is -4 + 1?
-3
In base 8, what is -2 + -270?
-272
In base 7, what is 11 + 1?
12
In base 13, what is 5b6 + -5?
5b1
In base 7, what is -3 + -4153?
-4156
In base 2, what is 110 - 101100?
-100110
In base 7, what is 5 - 161?
-153
In base 13, what is -39b - 2?
-3a0
In base 14, what is 5 + -74?
-6d
In base 15, what is 1c5 + 2?
1c7
In base 13, what is 8 - 24?
-19
In base 13, what is -4 - -5b?
57
In base 13, what is 0 + 130?
130
In base 14, what is 20 + -305?
-2c5
In base 11, what is -439 + 5?
-434
In base 10, what is -13 + -4?
-17
In base 3, what is -2221 - -202?
-2012
In base 3, what is -20121222 + -12?
-20122011
In base 3, what is -12212 - 0?
-12212
In base 6, what is 1 + -21403?
-21402
In base 16, what is 56 - -45?
9b
In base 10, what is 2 + 159?
161
In base 16, what is -f - -b6?
a7
In base 4, what is -202 + -103?
-311
In base 14, what is 4 - -13d2?
13d6
In base 2, what is 1001 